
3 (base 14) to base 16
3
Convert 60 (base 11) to base 3.
2110
What is 2 (base 9) in base 3?
2
0 (base 8) to base 15
0
What is -d (base 15) in base 2?
-1101
What is 3 (base 11) in base 13?
3
Convert 2 (base 10) to base 8.
2
-1111 (base 2) to base 7
-21
Convert -8 (base 11) to base 12.
-8
1101 (base 4) to base 12
69
What is -4 (base 14) in base 13?
-4
Convert -5 (base 7) to base 9.
-5
Convert -49 (base 13) to base 3.
-2021
-143 (base 15) to base 8
-440
Convert -1000 (base 2) to base 14.
-8
What is -21201 (base 3) in base 12?
-154
Convert 11 (base 2) to base 16.
3
Convert -2a (base 13) to base 5.
-121
What is -1 (base 3) in base 6?
-1
What is 3 (base 15) in base 2?
11
31 (base 10) to base 16
1f
10a (base 11) to base 10
131
What is -6c (base 13) in base 15?
-60
What is 35 (base 11) in base 9?
42
Convert 10 (base 4) to base 10.
4
What is 20 (base 4) in base 9?
8
Convert 4a (base 12) to base 8.
72
Convert 3 (base 10) to base 14.
3
-2 (base 12) to base 3
-2
-2 (base 8) to base 10
-2
Convert -1 (base 12) to base 14.
-1
Convert 6 (base 12) to base 11.
6
10002 (base 3) to base 13
65
Convert -1d (base 15) to base 7.
-40
152 (base 10) to base 9
178
What is -b8 (base 15) in base 9?
-212
What is 2 (base 3) in base 14?
2
What is 11001 (base 2) in base 6?
41
-7 (base 10) to base 3
-21
What is 43 (base 5) in base 3?
212
-2 (base 12) to base 15
-2
-2 (base 7) to base 13
-2
-3 (base 4) to base 6
-3
19a (base 12) to base 3
100201
Convert 452 (base 6) to base 4.
2300
-11111 (base 2) to base 11
-29
What is 242 (base 6) in base 2?
1100010
132 (base 5) to base 15
2c
-1 (base 10) to base 13
-1
Convert -1 (base 9) to base 8.
-1
13 (base 10) to base 5
23
What is 6 (base 11) in base 2?
110
What is 331 (base 4) in base 8?
75
1 (base 10) to base 13
1
4 (base 14) to base 8
4
What is -2222 (base 3) in base 12?
-68
23 (base 15) to base 10
33
5 (base 6) to base 13
5
What is -5 (base 13) in base 14?
-5
1 (base 3) to base 5
1
Convert -12 (base 8) to base 14.
-a
What is 1000 (base 2) in base 15?
8
Convert -3 (base 6) to base 7.
-3
What is -1211 (base 3) in base 4?
-301
Convert -4 (base 13) to base 3.
-11
Convert -1 (base 12) to base 13.
-1
15 (base 6) to base 15
b
What is 105 (base 6) in base 7?
56
Convert -20 (base 14) to base 12.
-24
Convert -1 (base 16) to base 14.
-1
Convert 15 (base 15) to base 3.
202
-3 (base 13) to base 12
-3
What is 3 (base 14) in base 7?
3
6 (base 8) to base 6
10
What is -100 (base 5) in base 2?
-11001
Convert 18 (base 10) to base 12.
16
Convert -20 (base 5) to base 10.
-10
What is 12 (base 8) in base 15?
a
Convert -8 (base 13) to base 2.
-1000
What is 14c (base 15) in base 14?
173
Convert 1001110 (base 2) to base 8.
116
What is 1200 (base 3) in base 9?
50
Convert -41 (base 14) to base 5.
-212
-1 (base 10) to base 9
-1
122 (base 3) to base 5
32
2 (base 14) to base 9
2
-10001 (base 2) to base 10
-17
40 (base 6) to base 3
220
Convert -26 (base 14) to base 13.
-28
What is 3 (base 5) in base 15?
3
-5 (base 7) to base 6
-5
Convert 1 (base 2) to base 9.
1
Convert 11 (base 2) to base 12.
3
Convert 149 (base 11) to base 8.
256
Convert -4 (base 14) to base 2.
-100
-100 (base 4) to base 11
-15
Convert 1010 (base 2) to base 8.
12
What is -94 (base 13) in base 2?
-1111001
Convert -153 (base 10) to base 16.
-99
Convert -203 (base 10) to base 11.
-175
What is 4 (base 6) in base 16?
4
f (base 16) to base 5
30
Convert 2 (base 12) to base 7.
2
What is 2223 (base 4) in base 14?
c3
-33 (base 5) to base 7
-24
157 (base 15) to base 6
1231
Convert 100 (base 10) to base 13.
79
Convert 4 (base 5) to base 2.
100
What is 5 (base 16) in base 15?
5
Convert -23 (base 11) to base 14.
-1b
What is 10 (base 6) in base 8?
6
Convert 1 (base 3) to base 13.
1
What is -2 (base 13) in base 11?
-2
11110 (base 3) to base 13
93
212 (base 6) to base 15
55
Convert -2 (base 13) to base 6.
-2
Convert 83 (base 10) to base 12.
6b
What is 2 (base 8) in base 4?
2
What is -11 (base 3) in base 7?
-4
Convert 26 (base 16) to base 11.
35
Convert -2 (base 15) to base 11.
-2
-4 (base 6) to base 7
-4
1 (base 4) to base 10
1
What is 3 (base 16) in base 2?
11
What is 47 (base 8) in base 6?
103
What is 0 (base 3) in base 5?
0
Convert -1 (base 4) to base 5.
-1
What is 11 (base 8) in base 3?
100
Convert -8 (base 14) to base 7.
-11
Convert -13 (base 5) to base 6.
-12
0 (base 3) to base 16
0
0 (base 8) to base 9
0
What is -45 (base 9) in base 7?
-56
Convert 51 (base 10) to base 7.
102
Convert 65 (base 12) to base 5.
302
What is 4 (base 16) in base 3?
11
What is -12 (base 16) in base 14?
-14
0 (base 2) to base 13
0
Convert 18 (base 9) to base 8.
21
Convert 1a (base 14) to base 5.
44
-52 (base 10) to base 11
-48
Convert b2 (base 15) to base 16.
a7
-1 (base 3) to base 6
-1
-15 (base 6) to base 12
-b
Convert -3 (base 11) to base 13.
-3
What is 0 (base 2) in base 7?
0
Convert -cb (base 15) to base 11.
-164
What is -1001 (base 5) in base 14?
-90
Convert -41 (base 7) to base 16.
-1d
Convert 20 (base 14) to base 11.
26
-4 (base 15) to base 6
-4
10 (base 2) to base 6
2
87 (base 14) to base 2
1110111
Convert -30 (base 10) to base 5.
-110
Convert 0 (base 9) to base 14.
0
What is -c (base 13) in base 11?
-11
Convert -11 (base 5) to base 9.
-6
Convert 22 (base 15) to base 14.
24
-5c (base 16) to base 14
-68
29 (base 11) to base 3
1011
Convert 2 (base 10) to base 2.
10
-11 (base 2) to base 8
-3
What is 26b (base 12) in base 11?
308
-1 (base 5) to base 6
-1
Convert 10 (base 2) to base 11.
2
What is 1 (base 5) in base 6?
1
-4 (base 9) to base 16
-4
What is 9 (base 16) in base 7?
12
What is 0 (base 8) in base 2?
0
103 (base 5) to base 4
130
What is 1101 (base 3) in base 15?
27
-33 (base 4) to base 13
-12
210 (base 3) to base 2
10101
Convert -3 (base 7) to base 6.
-3
Convert -11 (base 15) to base 14.
-12
Convert 43 (base 6) to base 8.
33
Convert -4 (base 6) to base 12.
-4
99 (base 15) to base 10
144
41 (base 5) to base 11
1a
What is 134 (base 5) in base 14?
32
-8 (base 14) to base 8
-10
1 (base 6) to base 12
1
Convert 1 (base 15) to base 7.
1
Convert 37 (base 15) to base 14.
3a
-22 (base 4) to base 2
-1010
a6 (base 13) to base 8
210
-26 (base 7) to base 10
-20
Convert 111 (base 8) to base 10.
73
1 (base 8) to base 7
1
What is 11033 (base 4) in base 16?
14f
11011 (base 2) to base 13
21
Convert 221 (base 3) to base 16.
19
Convert -3 (base 5) to base 2.
-11
Convert 8 (base 16) to base 15.
8
1 (base 4) to base 13
1
What is 330 (base 11) in base 14?
204
What is -ec (base 15) in base 2?
-11011110
What is -13 (base 16) in base 6?
-31
What is -3302 (base 4) in base 15?
-112
10002 (base 3) to base 2
1010011
11 (base 3) to base 8
4
Convert b (base 15) to base 16.
b
11 (base 8) to base 3
100
12 (base 3) to base 12
5
0 (base 3) to base 16
0
Convert 20 (base 4) to base 15.
8
What is 2 (base 3) in base 16?
2
-3 (base 13) to base 15
-3
What is 17 (base 11) in base 16?
12
Convert -353 (base 7) to base 15.
-c5
4 (base 12) to base 14
4
What is -10 (base 2) in base 4?
-2
Convert 21 (base 3) to base 11.
7
0 (base 12) to base 14
0
144 (base 12) to base 14
100
-1101 (base 2) to base 12
-11
What is 0 (base 9) in base 10?
0
Convert -2 (base 14) to base 8.
-2
What is 21022 (base 3) in base 5?
1242
Convert -100 (base 2) to base 7.
-4
What is -1e (base 15) in base 8?
-35
What is 24 (base 8) in base 6?
32
What is 3 (base 16) in base 15?
3
Convert -1 (base 13) to base 9.
-1
Convert -21212 (base 3) to base 13.
-134
Convert 1 (base 12) to base 3.
1
4d (base 14) to base 7
126
-9 (base 13) to base 2
-1001
What is -240 (base 7) in base 3?
-11200
What is -137 (base 8) in base 13?
-74
Convert 5 (base 11) to base 13.
5
What is -55 (base 9) in base 7?
-101
Convert 3203 (base 4) to base 12.
16b
d (base 16) to base 9
14
What is 25 (base 7) in base 9?
21
Convert -1100110 (base 2) to base 14.
-74
11 (base 11) to base 13
c
Convert 74 (base 11) to base 5.
311
What is -c (base 13) in base 6?
-20
Convert -13 (base 5) to base 6.
-12
What is -1100000 (base 2) in base 9?
-116
Convert -10 (base 14) to base 4.
-32
Convert -1 (base 14) to base 10.
-1
Convert 0 (base 6) to base 11.
0
Convert -12102 (base 3) to base 14.
-a6
Convert -2 (base 6) to base 2.
-10
-10 (base 4) to base 16
-4
Convert -4 (base 15) to base 12.
-4
5 (base 11) to base 4
11
-3 (base 15) to base 2
-11
What is -2 